e value of -3 - (-10 - (5 - (-10 + 16)))?
6
What is the value of (101 - 125) + (0 - (-7 - -3 - 3))?
-17
Calculate (19 - 0) + (264 - 294).
-11
What is the value of (-15 + -13 - -32) + -36?
-32
Evaluate (8 - (-8 + 23)) + 2 + 9.
4
-15 + 2 - -26 - 5
8
(22 - 24) + -10 + (-5 - -8 - -1)
-8
20 + (-18 - -27 - 33) - (3 - 16)
9
What is the value of -7 + 2 - (30 + -23) - 1?
-13
Evaluate 0 + (-10 - (20 - (-5 - -14))).
-21
What is 17 - (-41 + 8 + 54)?
-4
What is -3 - (-51 + 45 + -3 + -2 + 2)?
6
Evaluate (74 + -46 - 31) + (0 - 3).
-6
-4 + (8 - (6 + (9 - 18)))
7
-14 + 1 - (1 - (-2 + 3 - -3))
-10
What is the value of 32 - 1 - (-174 - -189)?
16
What is the value of -4 - ((26 - (-24 - -47)) + -1 + -1)?
-5
-5 + (21 - (19 - -4))
-7
What is the value of (-42 - -32) + 0 + 17 - 2?
5
What is 23 + -11 - 25 - (1 - 30)?
16
Evaluate -3 + (-12 - -6) - 8 - -6.
-11
What is the value of (12 - 6) + -4 - 5?
-3
What is the value of 0 - -22 - (-195 + 214)?
3
What is the value of -2 + -1 + -1 - (-17 - -18)?
-5
Calculate (-47 - -54) + 0 + -2 + -10.
-5
What is 7 + 3 + 0 + -7?
3
Calculate 1 + (8 + (-16 - -7) - -7).
7
What is the value of 10 - (2 + -6) - 20?
-6
Calculate 5 - (17 - (3 - -2) - -5).
-12
Evaluate 5 + -6 + 3 + 4 + (-2 - 4).
0
Evaluate -12 + -7 - (-13 + (-1 - -9)).
-14
-1 + -1 + 0 + -1 + 2 + -10
-11
(5 - (-3 + 36)) + (18 - 2)
-12
What is the value of -31 - (-63 - (-43 + 13))?
2
Calculate (24 + -10 - -14) + -27.
1
Calculate 4 - ((-12 - 0) + 10 + (-13 - -4)).
15
-17 + 0 - (-2 + 6 + -13)
-8
-2 + -8 + -5 + 3
-12
((0 - 2) + 1 - (-10 - -16)) + 23
16
What is -10 + 6 + (-5 - -6) - (14 - 34)?
17
-26 + 2 - (-319 + 280)
15
Calculate 15 + -16 + -7 + -5 + 13.
0
Calculate 8 + (-4 + -2 - -9) + -4.
7
Calculate -21 - (-3 + -2 + -10).
-6
What is the value of (7 + 1 - (-8 + 12 + -6)) + 8?
18
What is (10 - 16) + (-3 - 1) + (30 - 47)?
-27
Calculate -4 + -38 + 31 - -33.
22
Calculate -4 + -1 + 3 + -3 + 9 + -5.
-1
What is the value of (49 + -43 + (0 - -1) - 7) + -6?
-6
Calculate 1 + (24 - 12) + -27.
-14
5 - (10 - 4 - 2 - (3 - 0))
4
(23 + -11 + -5 - -3) + (-33 - 1)
-24
Evaluate 2 + (4 - (-1 - -1)) + (213 - 224).
-5
0 + 6 + -11 + -6
-11
Evaluate -14 - -7 - (-4 - -1) - 4.
-8
What is the value of 31 + -28 - (14 + -1)?
-10
(-7 - (-4 + 8)) + 6 + -4
-9
What is 8 + 23 + (-21 - -9 - -16)?
35
What is -1 + -9 + 14 + -17?
-13
Evaluate 2 + -5 + (-11 - -18) - -5.
9
What is the value of (-21 - -5) + (1 - -8)?
-7
What is (2 - (-8 + 6) - -1) + -2?
3
(-8 - (6 + -16)) + (-7 - -1) - 5
-9
Evaluate -1 - 0 - ((1 - -1) + 2 + -3).
-2
What is the value of (-3 - (7 - 10) - (-3 - 3)) + -3?
3
Evaluate 7 + (-7 + 4 - 1).
3
(-1 - -11 - 17) + 8
1
Evaluate -4 - (1 - -6) - (4 + -9) - -6.
0
What is the value of (-2 + 13 + -7 - 8) + -2 + 23?
17
(41 - 23) + (-1 - 11) + 1 - 9
-2
What is the value of -15 - (2 + (0 - -5 - 0) + -4)?
-18
What is -5 + 6 + (3 - 14) + 0?
-10
-18 - ((-64 - 3) + 17)
32
Evaluate 78 - 49 - (1 - 0).
28
-2 - -8 - 1 - (-9 + 15 + 8)
-9
What is the value of 9 + (-22 - (-12 + (-4 - -7)))?
-4
What is -73 - -55 - (-19 - -1)?
0
Evaluate 9 - (-1 - (-9 - (4 + 0))).
-3
Evaluate (-20 - -9 - -8 - (2 - 3)) + 19.
17
Calculate 4 + -31 + 33 - (-8 + 3).
11
7 + (-1 - (-5 + 30))
-19
(-3 + 12 - (2 + 1)) + (4 - 17)
-7
Calculate 7 - (-16 + -8 + 26 - 13).
18
Evaluate -1 - (2 + -10) - (-31 - -18 - -35).
-15
5 - (1 + 11 - 3)
-4
What is the value of 2 - (-3 + (0 - -7 - (55 - 55)))?
-2
11 + -11 + -9 + 1 + 1 - -9
2
Calculate 5 + -12 - 1 - 1.
-9
Evaluate 8 + (-11 - 4) - (-1 - 1) - -16.
11
Evaluate 12 + 1 + (-44 - -58) + 0 + -13.
14
12 + (-7 - (-21 - -11))
15
Evaluate 0 - 34 - ((-9 - (14 - 20)) + -7).
-24
What is the value of 13 + -15 - (14 + -22)?
6
Calculate 10 - ((-4 - 3) + 10) - 4.
3
Evaluate -2 - (7 + 1) - ((-2 - 1) + -3).
-4
9 + (7 - (4 + 10)) - -9
11
Evaluate -6 - (-11 - -9 - 3 - (-3 - -1)).
-3
Evaluate -10 + (-52 - -60) + 1 + -2 + 5.
2
What is (-5 + 13 - 8) + 9?
9
Calculate -9 - (3 + 6 - 6 - 5).
-7
What is the value of -12 - (5 - (-3 + 6 + -3))?
-17
What is -9 + -7 + 6 + 6 + (-3 - 1)?
-8
Calculate -9 + (31 - -19 - 45).
-4
What is the value of -34 + 2 - (12 + 8 + -28)?
-24
Evaluate (-16 - (6 - 19)) + 18 - (-9 + -1).
25
444 + -457 + (10 - -2)
-1
Calculate -6 + 0 + 2 + (16 - (46 - 14)).
-20
(-39 - -38) + -36 + 17
-20
Calculate (-30 - -6) + (107 - 72).
11
Calculate (0 - -4) + (-22 - -2 - (118 - 139)).
5
Evaluate 7 + (-491 - -495) + 1 + -1 + -16.
-5
Evaluate (16 + -26 - 12) + 14.
-8
(-1038 - -1045) + (2 - 1 - -1)
9
(-1 - -8) + (-799 - -778)
-14
Evaluate -14 + 7 + 7 + (3 - 5) + 16.
14
What is the value of (16 - 14) + -4 - -6?
4
Evaluate 6 - (-1 + (-13 - -8) - -24).
-12
What is the value of 11 - 0 - (19 - 15)?
7
What is the value of -9 - (0 + 21 + -19)?
-11
Calculate 6 - (-22 + (-1 - (-7 + 2))) - 7.
17
(12 - 7) + 4 + -2 + -5 - 2
0
What is 20 - 30 - -8 - (-8 - (3 - 5))?
4
What is the value of 11 + 3 + -3 + (-2 - 4) + 11?
16
Calculate 2 + 34 + (1 - 22).
15
What is the value of 0 + 0 - (14 - (-9 + -5 - -23))?
-5
Calculate -665 + 668 + (-17 - -1).
-13
Calculate -1 - -18 - (14 - (8 - 20 - -17)).
8
-8 - (6 + -2) - -9 - 14
-17
Calculate -12 + (5 - 11) - -32.
14
Calculate 6 - 5 - (4 - 4) - -4 - 0.
5
(-5 - -3) + 2 + (22 - (-6 - -11))
17
What is 0 - 1 - (20 - 30)?
9
Evaluate -7 + -3 + (11 - (10 + -4)) + -11.
-16
-1 + -1 + 8 - (3 + -11 + 8)
6
Evaluate -32 - ((-5 - -4) + -1 + -6 + 0).
-24
Evaluate 1 - -11 - (-72 - -69) - -1.
16
-10 + (9 - 5) - (3 + -3)
-6
10 - (-10 + (-9 - -32) - 7 - 3)
7
Evaluate -45 + 144 + -42 + -37.
20
-6 + 16 + 0 - 19
-9
What is the value of -3 + 34 + (-31 - -3)?
3
What is (-1 - (-5 + (4 - 0))) + 25 + -19?
6
What is (-19 + 2 - -37) + -11 + -20?
-11
(-12 - -4) + 20 + -3
9
Evaluate (179 + -181 - (2 - -16)) + 3 + 0.
-17
What is the value of -10 - (-26 - (-95 + 41))?
-38
Evaluate 44 - (27 + 10) - (13 - 0).
-6
Calculate 14 + -2 + -11 - -11 - -14.
26
-60 - (-36 - -61 - 64)
-21
Calculate 19 + 21 + -29 + -38.
-27
What is 2 - -6 - ((-2 - (-1 - 2)) + -12)?
19
Evaluate 11 + (-32 - -2) - -12.
-7
Calculate -14 - ((-18 - -47) + -21).
-22
What is (7 - 1) + (-1 - -8) + 2 + -14?
1
What is the value of 30 - (28 + 21) - -2?
-17
Evaluate 54 + -61 + (-4 - (0 + -3) - -21).
13
163 - 165 - (-23 - -1)
20
Evaluate (-1 - -2 - (22 - 25)) + -14 + 6.
-4
Evaluate 0 - (28 + -21 + 2 + -9).
0
Evaluate 8 + (-3 + -2 - -3) + -4.
2
Evaluate (8 - (28 + -16 + 1)) + -5.
-10
Evaluate -13 + 4 + (-4 - 6) + -2.
-21
Calculate -14 + 13 + (-5 - (17 + -33)).
10
What is the value of 4 - 37 - -38 - (22 + -2)?
-15
Calculate 5 + (-3 + 4 + -4 - -3).
5
Calculate -9 + -20 + -9 + 39.
1
Calculate (14 - (28 + -6)) + 2.
-6
-7 - (32 + -27 - (-7 + -3))
-22
Evaluate (-35 - -66) + (-2 - -14 - 16).
27
Calculate 29 + (-60 - (21 + -60)).
8
2 + -1 + 20 + -34 + 19
6
Calculate -5 - ((-48 - -12) + 17).
14
0 - -2 - (2 + (-1 - -13))
-12
Evaluate 1 + 0 + -7 - 8 - -12.
-2
Calculate 30 - ((8 - -7) + -3).
18
What is the value of 161 + (-145 - -11) + (-1 - 0) + 3?
29
Evaluate 5 - -1 - (15 + -1 + -16).
8
What is 5 + 0 - (-31 + 26 + 2)?
8
Evaluate (-4 - -10) + -2 + -1 + (-474 - -454).
-17
7 + 1 - (17 - 8)
-1
-8 + -1 - (14 + (-4 - 35) + 2)
14
Evaluate 1 - 15 - (4 - (-21 + 13)).
-26
Calculate -9 + (-11 - -3) + 12.
-5
Calculate 5 + 31 + (3 - (9 - -11)).
19
What is -32 - (-25 - (-10 + 12))?
-5
What is the value of (-20 - ((-88 - -17) + 15)) + -18?
18
Calculate 9 + -11 + 12 + -7 - -13 - 6.
10
Calculate 18 - (64 + -11) - (-15 + 0).
-20
Calculate -14 - (-11 + (-7 - (-13 - -18))).
9
Evaluate -14 + 16 + (-8 - 13).
-19
What is 5 + (4 - 3 - -4 - 13)?
-3
What is the value of -22 - (-68 + (-24 - -49))?
21
Evaluate 2 - (3 - -4) - 3.
-8
-16 - (6 - (28 + -9)) - (1 + 7)
-11
What is the value of -1 + (-1 - (1 - 4 - -1)) - -8?
8
Evaluate -11 - 0 - -2 - (-46 + 30).
7
8 - (-15 + -15 - -14) - 14
10
What is the value of 0 + -23 - (-64 - (-105 - -43))?
-21
Calculate 8 - (16 - -2 - 19).
9
Calculate -1 + 4 + -5 + (-6 - (-13 + -14)).
19
What is the value of -14 + 1 + (-103 - -115)?
-1
What is 1 + -4 + (-13 + 8 - 5 - 7)?
-20
What is the value of (10 - (-10 + 1 - (-11 + -5))) + 8?
11
What is 10 + 2 + (-22 - -8) + 1 + -19?
-20
-39 + 38 - -29 - 5
23
Evaluate -4 + (-73 - -83 - (23 + 1)).
-18
Evaluate -5 + -6 + 21 - 5.
5
0 + -9 - ((22 + -15 - 8) + -5)
-3
Calculate -2 + 0 + (-21 - (-14 + 2)).
-11
What is (-194 - -203) + 3 + -35 + -1 + 2?
-2